 -9*z**x - 567 - 16*z + 290 + 289 + z**3. Give y(10).
-48
Let d(s) = s**2 + 6*s - 1. Let k(h) = -3*h - 34. Let v(f) = -f - 2. Let p(j) = k(j) - 2*v(j). Let t be p(-23). Calculate d(t).
6
Let x(a) = -13*a - 24. Let s(h) = 2*h - 4. Let o(i) = -4*s(i) + x(i). Determine o(-3).
55
Let c(a) = -15431 + 44*a + 30982 - 15333. What is c(-5)?
-2
Let l = -800 - -794. Let b(m) = -23*m + 18. Let x(r) = 4*r. Let i(k) = l*x(k) - b(k). Calculate i(0).
-18
Let v(m) = -33*m**3 + 13*m**2 + 8*m - 135. Let b(y) = 16*y**3 - 7*y**2 - 4*y + 63. Let j(d) = -15*b(d) - 7*v(d). What is j(2)?
-8
Let i(y) = -3*y**2 + 90*y - 27. Let k be i(29). Let s(u) = 0*u + 0*u + u - u**3 + 13 - k. Give s(0).
-47
Let s(y) = -1 - 4*y - 21*y**2 + 55*y**2 - 27*y**2 - 3*y. Calculate s(-3).
83
Let o(j) = -188*j**3 - 3*j**2 + j - 12. Let b(z) = 98*z**3 + z**2 + 5. Let d(n) = 7*b(n) + 3*o(n). Calculate d(1).
122
Let p(u) = 3*u - 3. Let x(l) = -2*l + 1. Suppose 28*s - 37 + 93 = 0. Let i(h) = s*p(h) - 5*x(h). Give i(-3).
-11
Let m be ((-180)/105)/(24/84). Let w(h) = 9*h**2 + 59*h - 2. Determine w(m).
-32
Let g(c) = -43*c**3 - 15*c**2 + 10*c - 10. Let f(b) = -29*b**3 - 10*b**2 + 6*b - 6. Let d(p) = 8*f(p) - 5*g(p). Calculate d(-2).
122
Let l = -13 + 19. Let o(b) = -17730653*b + 17730654*b - 3 - 6. What is o(l)?
-3
Let t(d) = 7*d**2 + 2*d - 20. Let b be t(-4). Let y(x) = 0 + 170*x - 4 - 91*x - b*x. Determine y(-4).
16
Let g(s) = 2*s**2 + s - 9. Let i(b) = b**2 - 39*b + 136. Let y be i(35). Determine g(y).
19
Let y = -1 + -11. Let s = y + 21. Let i(a) be the second derivative of a**5/20 - 3*a**4/4 - 2*a**2 + 14*a. What is i(s)?
-4
Let a(t) = t**2 - 4*t - 60. Let p(f) = f**3 + 58*f**2 + 440*f - 55. Let g be p(-49). Give a(g).
0
Let w(j) = 2*j**3 - 41*j**2 + 14*j + 37. Suppose 0 = -5*c + l + 104, 4*c + 32 - 92 = -5*l. Calculate w(c).
-83
Let i = -1533 - -1541. Let u(w) = -11*w + 27. Give u(i).
-61
Let d(z) = 7*z - 1. Let x = -554 + 572. Let u be (-4)/x - 25/9. What is d(u)?
-22
Let p be 5*(-21 - 209/(-11)). Let r(k) = k**3 + 9*k**2 - 13*k - 29. Give r(p).
1
Let w(z) be the first derivative of 5*z**3 - 3*z**2/2 + z + 4808. Determine w(3).
127
Let s(j) = -495*j + 45. Let b(k) = -16*k + 8. Let i(a) = -30*b(a) + s(a). Give i(-13).
0
Let a = -15 + 31. Suppose -4*p = 2*b + a, -p - 14 = -b - 10. Let u(x) = 2 + x**2 - 8 + 0. What is u(b)?
-6
Let w be ((-6)/(-9))/(8/(-12)). Let m(b) = -75*b**2 + 4*b + 3. What is m(w)?
-76
Let z(s) = 18*s - 2. Let k(o) = -73*o - 6. Let g(n) = -3*k(n) - 13*z(n). Give g(3).
-1
Let u(r) = -6*r - 5. Suppose -20*d + 18*d = 10. Let g(s) be the second derivative of 7*s**3/6 + 5*s**2/2 - 3*s. Let a(i) = d*g(i) - 6*u(i). Calculate a(-4).
1
Let x(f) = f**2 - 7*f - 6. Suppose 0 = -10*i + 15*i - 535. Let l = -100 + i. Suppose -l*b = -2*b - 35. What is x(b)?
-6
Suppose 13*c = 9*c + 4*k - 24, -17 = 4*c + 3*k. Let l(w) = -w**3 - 5*w**2 + 5. What is l(c)?
5
Let c(v) = -v**2 + 10*v - 7. Let x be (-4 - 3*(9 - 14)) + -2. Calculate c(x).
2
Let w(y) be the third derivative of y**6/120 - y**5/15 - y**4/24 + 197*y**2 + 3*y. Determine w(5).
20
Suppose -24 = -10*k + 6. Suppose m - 2*n - 6 = 0, m + k*m - 2 = -3*n. Let c(b) = b**2 + 2*b - 3. What is c(m)?
5
Let o(y) = -34*y - 27. Let q be o(-1). Suppose -5*v + 45 = 3*n, -4*n - 5*v = -q*v - 34. Let j(l) = 6*l - 15. Give j(n).
45
Let u(g) = 14*g**2 + 14*g - 248. Let j(q) = 5*q**2 + 5*q - 91. Let z(f) = -11*j(f) + 4*u(f). What is z(-3)?
15
Let r(p) be the third derivative of 2*p**4/3 - 20*p**3/3 - 5666*p**2. What is r(2)?
-8
Let w(c) be the first derivative of -14*c**2 + 0*c - 11/6*c**3 + 1/60*c**5 + 36 + 0*c**4. Let s(f) be the second derivative of w(f). Give s(0).
-11
Let u(n) = 18*n + 5. Let b be u(-1). Let d(t) be the second derivative of -t**4/12 - 13*t**3/6 + 9*t**2/2 - 5*t - 2. Determine d(b).
9
Let s(u) = 16*u - 7. Let b = -226 - -231. Let y(g) = -34*g + 12. Let p(j) = b*s(j) + 3*y(j). What is p(-1)?
23
Suppose 43*i = 14*i - 203. Let j(s) be the second derivative of s**3/3 - 4*s**2 - 37*s. What is j(i)?
-22
Let s(q) be the first derivative of 133 + q + 5/2*q**2. Give s(3).
16
Suppose -9 = f - 2*u + 10, -f = 5*u - 23. Let m(n) = 14*n + 73. Determine m(f).
-25
Let l(w) = w**3 + 8*w**2 + 8*w + 12. Let q be -57*1/(-11) + 58/(-319). Let f be -1*(12/15 - (-31)/q). Give l(f).
5
Let u(l) = -2*l**3 + l - 1. Let m(h) = -7*h**3 + 5*h**2 + 6*h - 29. Let s(x) = -m(x) + 3*u(x). Let o be s(4). Let c(b) = -2*b**2 - b + 4. Calculate c(o).
-2
Let s(f) = f**2 - 42*f - 4. Let v(i) = -2*i**2 + 97*i + 8. Let u(d) = 7*s(d) + 3*v(d). Give u(-5).
36
Let c(m) = -2*m**2 - 40*m - 82. Let b(y) = -366*y + 18647. Let z be b(51). Calculate c(z).
-44
Let k = -11068 + 11073. Let v(p) = -3 - 6*p + p + p**2 + 0. What is v(k)?
-3
Let b(c) = 15*c - 35. Let t(h) = -h + 4. Let r(l) = -2*l - 58. Let m be r(-30). Let p(i) = m*b(i) + 18*t(i). Give p(-3).
-34
Let m(d) be the third derivative of d**5/30 - d**4/4 - 2*d**3/3 + 5*d**2 - 34*d. What is m(4)?
4
Let a(r) = r**2 + 7*r - 7. Let y be a(1). Let j(f) = 1. Let w(p) = 2*p. Let c(h) = y*w(h) + 2*j(h). What is c(2)?
6
Let j(g) = -g**2 - 53*g - 676. Let o(t) = t**2 - 186*t - 987. Let v be o(-5). Calculate j(v).
-4
Let o(r) = -r**3 - 4*r**2 + 11*r - 2. Let t be o(-6). Let i(p) = -p**3 + 85*p**2 + 3*p - 3*p - 80*p**2. Calculate i(t).
16
Let f(u) = 65*u + 1 + 104*u - 236*u + 65*u. What is f(-9)?
19
Let z(k) be the first derivative of k**3/3 + k**2/2 + 9*k + 48. Let w(v) be the first derivative of z(v). Calculate w(-1).
-1
Let f be (-2)/(-5) - (-14)/(-35). Let c(b) be the second derivative of -b**5/20 - b**3/6 - 17*b**2 - 325*b. Give c(f).
-34
Let b(v) = 57 + 28*v + 3*v**2 - 3 - 1 - 59. Calculate b(-10).
14
Let k(b) be the first derivative of -b**4/4 - 5*b**3/3 + 3*b**2/2 - b - 2395. Let z = -5 - 1. Give k(z).
17
Let y(k) = 24250*k + 23*k**2 - 28 + 3*k**3 - 24276*k - 2*k**3. Determine y(-24).
20
Let n be 0/(-39)*(-10)/120. Let p(j) = 2*j - 11 + 8 - j**3 + 0*j. What is p(n)?
-3
Let x(v) be the third derivative of -v**7/840 - 5*v**4/24 - 51*v**3/2 - 211*v**2. Let y(k) be the first derivative of x(k). Let s = -1 - -1. What is y(s)?
-5
Let r(m) = -m**3 - 7*m**2 - 4*m + 3. Suppose -3*h - 26 = 1. Let c be 9/((-275)/198 + 1/h). Give r(c).
-9
Let i be 15/25 - ((-44)/10 - -1). Suppose 2*l + i*b + 18 - 26 = 0, l - 4 = -4*b. Let y(g) = g**3 - 5*g**2 + 6*g - 4. What is y(l)?
4
Let c = -13848 + 13850. Let b(f) be the first derivative of -1/3*f**3 - f + 3*f**c + 32. What is b(5)?
4
Let q(o) = -2*o**2 - 31*o + 7. Let t be 256/(-24)*(10/4)/(70/42). Determine q(t).
-9
Let r(v) = -9*v - 20. Let j be r(-2). Let x be (3/4)/(12/32). Let s(y) = 2*y**2 + 5 + y**x - 3. Give s(j).
14
Let h(o) = 6*o**2 - 29*o - 65. Let b(v) = 4*v**2 - 15*v - 36. Let f(s) = 5*b(s) - 3*h(s). Determine f(-6).
15
Let f(l) = -11*l**2 + 6*l - 1. Suppose p + 2*b = 5, -3*b = -5*p - 40 - 0. Let t(q) = 2*q**2. Let i(a) = p*t(a) - f(a). Calculate i(5).
-4
Let a = 151 - 77. Suppose 0 = 3*w + 17 - a. Let r be 1 + (0 - 2) + (15 - w). Let j(g) = -g + 1. Calculate j(r).
6
Let h(s) = s**3 - s**2 - 12*s - 5. Let v(y) = -2*y**3 + 2*y**2 + 32*y + 15. Let a(m) = 8*h(m) + 3*v(m). Give a(-3).
-67
Let b = -390 - -382. Let t(c) = 8*c - 43. Let a(n) = 11*n - 64. Let d(i) = -5*a(i) + 7*t(i). Determine d(b).
11
Let j = 1473 + -1473. Let s(p) = p**2 + 2*p - 6. Give s(j).
-6
Let x(l) be the third derivative of 2*l - 1/2*l**3 + 0 + 34*l**2 + 1/12*l**4 + 1/30*l**5. What is x(-3)?
9
Let m be 1 + 91/(-6) + (-136)/48 + 2. Let a(v) = -v**3 - 17*v**2 - 29*v + 20. What is a(m)?
5
Let l(o) = 10*o**3 + 6*o**2 + 4*o + 11. Let f(j) = 12*j**3 + 7*j**2 + 5*j + 13. Let z(d) = 4*f(d) - 5*l(d). Give z(0).
-3
Let g be (-1)/2*(-2 + -2). Let j be (-2)/(g/(-1) - 0). Let y(m) be the third derivative of m**5/12 - m**4/24 + m**3/6 - 1467*m**2. What is y(j)?
5
Let h(k) = 7*k**3 - 178*k**2 + 60*k + 384. Let m be h(25). Let a(o) = 9 + 0*o - 30 + o. Give a(m).
-12
Let c be 34/646 + (-20)/19. Let r(n) = -20*n - 5. Give r(c).
15
Let z be -41*(3 + 1 - 6). Let x(o) = -z*o + 21 - 7 + 80*o. Calculate x(5).
4
Let m be ((-5)/(-5))/(1*-1)*-7. Let r be (6/m)/((-2)/(-7)). Suppose 3*k = 2*a - r*a + 19, -k + 33 = -5*a. Let p(n) = n**3 - 7*n**2 - 9*n + 7. What is p(k)?
-1
Let p(c) = -7*c**2 - 9*c + 8. Let x(j) = -3*j**2 - 3 - 5*j**2 - 1 + 5*j + 11*j**2. L